{"id":513,"date":"2013-04-05T12:30:49","date_gmt":"2013-04-05T12:30:49","guid":{"rendered":"http:\/\/f-schatz.com\/previa\/?page_id=513"},"modified":"2023-02-24T07:53:16","modified_gmt":"2023-02-24T07:53:16","slug":"el-vinedo","status":"publish","type":"page","link":"https:\/\/f-schatz.com\/web\/finca_sanguijuela\/el-vinedo\/","title":{"rendered":"El vi\u00f1edo"},"content":{"rendered":"<p><br \/>\n<img loading=\"lazy\" decoding=\"async\" class=\"alignleft size-full wp-image-516\" title=\"vi\u00f1edos\" src=\"http:\/\/f-schatz.com\/previa\/wp-content\/uploads\/2013\/04\/vi\u00f1edos.jpg\" alt=\"\" width=\"870\" height=\"400\" srcset=\"https:\/\/f-schatz.com\/web\/wp-content\/uploads\/2013\/04\/vi\u00f1edos.jpg 870w, https:\/\/f-schatz.com\/web\/wp-content\/uploads\/2013\/04\/vi\u00f1edos-400x184.jpg 400w, https:\/\/f-schatz.com\/web\/wp-content\/uploads\/2013\/04\/vi\u00f1edos-420x193.jpg 420w\" sizes=\"auto, (max-width: 870px) 100vw, 870px\" \/><\/p>\n<p>El vi\u00f1edo se extiende en una suave pendiente hacia el sur con un suelo profundo Franco-Limo-Arcillo-Arenoso, sano por su buena aireaci\u00f3n y permeabilidad.<\/p>\n<p>A partir de a\u00f1o 1982 Friedrich plant\u00f3 cepas nuevas en la finca para estudiar el comportamiento vegetativo y generativo, Y su posterior elaboraci\u00f3n de vino.<\/p>\n<p>A raiz de estas pruebas con diferentes variedades y de los an\u00e1lisis del suelo y clima, se plant\u00f3 3 hect\u00e1reas con las variedades elegidas: Lemberger*, Pinot Noir, Petit Verdot, Chardonnay, Moscatel negro*, Tempranillo. Syrah, Merlot y Cabernet Sauvignon.<\/p>\n<p>El vi\u00f1edo en espaldera, con un marco de plantaci\u00f3n 1 x 2 m.<\/p>\n<p><\/p>","protected":false},"excerpt":{"rendered":"<p>El vi\u00f1edo se extiende en una suave pendiente hacia el sur con un suelo profundo Franco-Limo-Arcillo-Arenoso, sano por su buena aireaci\u00f3n y permeabilidad. A partir de a\u00f1o 1982 Friedrich plant\u00f3 cepas nuevas en la finca para estudiar el comportamiento vegetativo y generativo, Y su posterior elaboraci\u00f3n de vino. A raiz de estas pruebas con diferentes [&hellip;]<\/p>\n","protected":false},"author":1,"featured_media":0,"parent":7,"menu_order":0,"comment_status":"closed","ping_status":"open","template":"elaboracion-generica.php","meta":{"footnotes":"","_links_to":"","_links_to_target":""},"class_list":["post-513","page","type-page","status-publish","hentry"],"aioseo_notices":[],"_links":{"self":[{"href":"https:\/\/f-schatz.com\/web\/wp-json\/wp\/v2\/pages\/513","targetHints":{"allow":["GET"]}}],"collection":[{"href":"https:\/\/f-schatz.com\/web\/wp-json\/wp\/v2\/pages"}],"about":[{"href":"https:\/\/f-schatz.com\/web\/wp-json\/wp\/v2\/types\/page"}],"author":[{"embeddable":true,"href":"https:\/\/f-schatz.com\/web\/wp-json\/wp\/v2\/users\/1"}],"replies":[{"embeddable":true,"href":"https:\/\/f-schatz.com\/web\/wp-json\/wp\/v2\/comments?post=513"}],"version-history":[{"count":31,"href":"https:\/\/f-schatz.com\/web\/wp-json\/wp\/v2\/pages\/513\/revisions"}],"predecessor-version":[{"id":3190,"href":"https:\/\/f-schatz.com\/web\/wp-json\/wp\/v2\/pages\/513\/revisions\/3190"}],"up":[{"embeddable":true,"href":"https:\/\/f-schatz.com\/web\/wp-json\/wp\/v2\/pages\/7"}],"wp:attachment":[{"href":"https:\/\/f-schatz.com\/web\/wp-json\/wp\/v2\/media?parent=513"}],"curies":[{"name":"wp","href":"https:\/\/api.w.org\/{rel}","templated":true}]}}